{"id":3085,"date":"2021-10-25T06:56:51","date_gmt":"2021-10-25T06:56:51","guid":{"rendered":"https:\/\/www.theisn.org\/frontiers\/?page_id=3085"},"modified":"2022-07-12T07:22:24","modified_gmt":"2022-07-12T07:22:24","slug":"registration-and-practicalities","status":"publish","type":"page","link":"https:\/\/www.theisn.org\/frontiers22\/bergamo\/registration-and-practicalities\/","title":{"rendered":"Registration Key Dates"},"content":{"rendered":"<p>[vc_row][vc_column][vc_column_text]<\/p>\n<h3><strong>Registration Important Dates and Deadlines<\/strong><\/h3>\n<p>[\/vc_column_text][\/vc_column][\/vc_row][vc_row][vc_column width=&#8221;1\/3&#8243;]<div class=\"porto-ultimate-content-box-container date-box\" ><div class=\"porto-ultimate-content-box vc_custom_1602489175326 has-content-pos justify-content-center\" style=\"background-color:#edeef9;box-shadow: none;border:1px solid #cfd3f9;\" data-hover_box_shadow=\"2px 2px 6px 3px #ededed\"  data-bg=\"#edeef9\">[vc_column_text css=&#8221;.vc_custom_1634547603533{padding-top: 14px !important;}&#8221;]<\/p>\n<p style=\"text-align: center\"><strong>October 25, 2021<\/strong><br \/>\nRegistration opens.<\/p>\n<p>[\/vc_column_text]<\/div><\/div>[\/vc_column][vc_column width=&#8221;1\/3&#8243;]<div class=\"porto-ultimate-content-box-container \" ><div class=\"porto-ultimate-content-box vc_custom_1597396355674 has-content-pos justify-content-center\" style=\"background-color:#edeef9;box-shadow: none;border:1px solid #cfd3f9;\" data-hover_box_shadow=\"2px 2px 6px 3px #ededed\"  data-bg=\"#edeef9\">[vc_column_text css=&#8221;.vc_custom_1647426013578{padding-top: 14px !important;}&#8221;]<\/p>\n<p style=\"text-align: center\"><strong>March 30, 2022<br \/>\n<\/strong><strong>(at midnight CEST)<\/strong>:<br \/>\nEarly bird deadline.<\/p>\n<p>[\/vc_column_text]<\/div><\/div>[\/vc_column][vc_column width=&#8221;1\/3&#8243;]<div class=\"porto-ultimate-content-box-container \" ><div class=\"porto-ultimate-content-box vc_custom_1597396355674 has-content-pos justify-content-center\" style=\"background-color:#edeef9;box-shadow: none;border:1px solid #cfd3f9;\" data-hover_box_shadow=\"2px 2px 6px 3px #ededed\"  data-bg=\"#edeef9\">[vc_column_text css=&#8221;.vc_custom_1634547843709{padding-top: 14px !important;}&#8221;]<\/p>\n<p style=\"text-align: center\"><strong>Until May 16, 2022<\/strong><br \/>\nRegistration Cancellation with partial refund.<\/p>\n<p>[\/vc_column_text]<\/div><\/div>[\/vc_column][\/vc_row][vc_row][vc_column][vc_tta_accordion c_position=&#8221;right&#8221; active_section=&#8221;1&#8243; el_class=&#8221;accordion-isn&#8221;][vc_tta_section title=&#8221;The ISN Frontiers and COVID-19&#8243; tab_id=&#8221;covid&#8221;][vc_column_text]<strong>The ISN Frontiers Meeting in \u2018Complement-related kidney diseases: classification, genetics, and treatment\u2019 is planned as an in-person meeting.<\/strong><\/p>\n<p>The meeting will operate with enforced sanitary precautions and will be compliant with all other COVID-19 related safety measures including maximum social distancing.\u00a0 The organizers closely monitor developments, consult with local partners, and follow advice from national and international authorities in ensuring a secure and safe environment. Please check our practicalities pages for more information.[\/vc_column_text][\/vc_tta_section][vc_tta_section title=&#8221;Registration Team Contact Details&#8221; tab_id=&#8221;contact&#8221;][vc_column_text]Email:\u00a0<a href=\"mailto:frontiers@theisn.org\" target=\"_blank\" rel=\"noopener noreferrer\">frontiers@theisn.org<\/a><br \/>\nPhone: +32 2 808 71 81 (Mon to Fri, 9.30 am \u2013 5 pm CET)<\/p>\n<p>*Please note, due to COVID-19 the phones will not always be monitored. If you need assistance please contact us via email.[\/vc_column_text][\/vc_tta_section][vc_tta_section title=&#8221;CME Accreditation and Certificate of Attendance&#8221; tab_id=&#8221;accreditation&#8221;][vc_column_text]The <strong>ISN 2022 Frontiers Meeting \u2018Complement-related kidney diseases: classification, genetics and treatment\u2019<\/strong>, Bergamo, Italy, 23\/06\/2022-25\/06\/2022 has been accredited by the European Accreditation Council for Continuing Medical Education (EACCME\u00ae) with <strong>17 European CME credits<\/strong> (ECMEC\u00aes). Each medical specialist should claim only those hours of credit that he\/she actually spent in the educational activity.<\/p>\n<p>Please find below the breakdown of ECMEC\u00aes per day:<\/p>\n<p>June 23, 2022 &#8211; 5.00<\/p>\n<p>June 24, 2022 &#8211; 8.00<\/p>\n<p>June 25, 2022 &#8211; 4.00<\/p>\n<p>Each medical specialist should claim only those hours of credit that he\/she actually spent in the educational activity. The EACCME\u00ae awards ECMEC\u00aes on the basis of 1 ECMEC\u00ae for one hour of CME with a maximum of 8 ECMEC\u00aes per day. Cf. Chapter X of UEMS 2016.20.<\/p>\n<p>Through an agreement between the Union Europ\u00e9enne des M\u00e9decins Sp\u00e9cialistes and the American Medical Association, physicians may convert EACCME\u00ae credits to an equivalent number of AMA PRA Category 1 CreditsTM. Information on the process to convert EACCME\u00ae credit to AMA credit can be found at www.ama-assn.org\/education\/earn-credit-participation-international-activities.<\/p>\n<p>Live educational activities, occurring outside of Canada, recognised by the UEMS-EACCME\u00ae for ECMEC\u00aes are deemed to be Accredited Group Learning Activities (Section 1) as defined by the Maintenance of Certification Program of the Royal College of Physicians and Surgeons of Canada.<\/p>\n<p><strong>CME Certificate of Attendance<br \/>\n<\/strong>A certificate of attendance will only be available after the meeting via your Frontiers Bergamo Portal. under the \u201cMy CME Certificate\u201d button. This can be found <a href=\"https:\/\/cm.theisn.org\/cmPortal\/Portal\/FRBER\/normal\" target=\"_blank\" rel=\"noopener noreferrer\">here<\/a>.[\/vc_column_text][\/vc_tta_section][\/vc_tta_accordion][\/vc_column][\/vc_row]<\/p>\n","protected":false},"excerpt":{"rendered":"<p>[vc_row][vc_column][vc_column_text] Registration Important Dates and Deadlines [\/vc_column_text][\/vc_column][\/vc_row][vc_row][vc_column width=&#8221;1\/3&#8243;][\/vc_column][vc_column width=&#8221;1\/3&#8243;][\/vc_column][vc_column width=&#8221;1\/3&#8243;][\/vc_column][\/vc_row][vc_row][vc_column][vc_tta_accordion c_position=&#8221;right&#8221; active_section=&#8221;1&#8243; el_class=&#8221;accordion-isn&#8221;][vc_tta_section title=&#8221;The ISN Frontiers and COVID-19&#8243; tab_id=&#8221;covid&#8221;][vc_column_text]The ISN Frontiers Meeting in \u2018Complement-related kidney diseases: classification, genetics, and treatment\u2019 is planned as an in-person meeting. The meeting will operate with enforced sanitary precautions and will be compliant with all other COVID-19 related safety measures [&hellip;]<\/p>\n","protected":false},"author":7,"featured_media":0,"parent":2221,"menu_order":2,"comment_status":"closed","ping_status":"closed","template":"","meta":{"footnotes":""},"class_list":["post-3085","page","type-page","status-publish","hentry"],"yoast_head":"<!-- This site is optimized with the Yoast SEO plugin v14.9 - https:\/\/yoast.com\/wordpress\/plugins\/seo\/ -->\n<title>Registration Key Dates - ISN Frontiers Meetings<\/title>\n<meta name=\"robots\" content=\"index, follow, max-snippet:-1, max-image-preview:large, max-video-preview:-1\" \/>\n<link rel=\"canonical\" href=\"https:\/\/www.theisn.org\/frontiers\/bergamo\/registration-and-practicalities\/\" \/>\n<meta property=\"og:locale\" content=\"en_US\" \/>\n<meta property=\"og:type\" content=\"article\" \/>\n<meta property=\"og:title\" content=\"Registration Key Dates - ISN Frontiers Meetings\" \/>\n<meta property=\"og:description\" content=\"[vc_row][vc_column][vc_column_text] Registration Important Dates and Deadlines [\/vc_column_text][\/vc_column][\/vc_row][vc_row][vc_column width=&#8221;1\/3&#8243;][\/vc_column][vc_column width=&#8221;1\/3&#8243;][\/vc_column][vc_column width=&#8221;1\/3&#8243;][\/vc_column][\/vc_row][vc_row][vc_column][vc_tta_accordion c_position=&#8221;right&#8221; active_section=&#8221;1&#8243; el_class=&#8221;accordion-isn&#8221;][vc_tta_section title=&#8221;The ISN Frontiers and COVID-19&#8243; tab_id=&#8221;covid&#8221;][vc_column_text]The ISN Frontiers Meeting in \u2018Complement-related kidney diseases: classification, genetics, and treatment\u2019 is planned as an in-person meeting. The meeting will operate with enforced sanitary precautions and will be compliant with all other COVID-19 related safety measures [&hellip;]\" \/>\n<meta property=\"og:url\" content=\"https:\/\/www.theisn.org\/frontiers\/bergamo\/registration-and-practicalities\/\" \/>\n<meta property=\"og:site_name\" content=\"ISN Frontiers Meetings\" \/>\n<meta property=\"article:modified_time\" content=\"2022-07-12T07:22:24+00:00\" \/>\n<meta name=\"twitter:card\" content=\"summary_large_image\" \/>\n<script type=\"application\/ld+json\" class=\"yoast-schema-graph\">{\"@context\":\"https:\/\/schema.org\",\"@graph\":[{\"@type\":\"WebSite\",\"@id\":\"https:\/\/www.theisn.org\/frontiers22\/#website\",\"url\":\"https:\/\/www.theisn.org\/frontiers22\/\",\"name\":\"ISN Frontiers Meetings\",\"description\":\"International Society of Nephrology - Frontiers meetings\",\"potentialAction\":[{\"@type\":\"SearchAction\",\"target\":\"https:\/\/www.theisn.org\/frontiers22\/?s={search_term_string}\",\"query-input\":\"required name=search_term_string\"}],\"inLanguage\":\"en-US\"},{\"@type\":\"WebPage\",\"@id\":\"https:\/\/www.theisn.org\/frontiers\/bergamo\/registration-and-practicalities\/#webpage\",\"url\":\"https:\/\/www.theisn.org\/frontiers\/bergamo\/registration-and-practicalities\/\",\"name\":\"Registration Key Dates - ISN Frontiers Meetings\",\"isPartOf\":{\"@id\":\"https:\/\/www.theisn.org\/frontiers22\/#website\"},\"datePublished\":\"2021-10-25T06:56:51+00:00\",\"dateModified\":\"2022-07-12T07:22:24+00:00\",\"inLanguage\":\"en-US\",\"potentialAction\":[{\"@type\":\"ReadAction\",\"target\":[\"https:\/\/www.theisn.org\/frontiers\/bergamo\/registration-and-practicalities\/\"]}]}]}<\/script>\n<!-- \/ Yoast SEO plugin. -->","_links":{"self":[{"href":"https:\/\/www.theisn.org\/frontiers22\/wp-json\/wp\/v2\/pages\/3085"}],"collection":[{"href":"https:\/\/www.theisn.org\/frontiers22\/wp-json\/wp\/v2\/pages"}],"about":[{"href":"https:\/\/www.theisn.org\/frontiers22\/wp-json\/wp\/v2\/types\/page"}],"author":[{"embeddable":true,"href":"https:\/\/www.theisn.org\/frontiers22\/wp-json\/wp\/v2\/users\/7"}],"replies":[{"embeddable":true,"href":"https:\/\/www.theisn.org\/frontiers22\/wp-json\/wp\/v2\/comments?post=3085"}],"version-history":[{"count":5,"href":"https:\/\/www.theisn.org\/frontiers22\/wp-json\/wp\/v2\/pages\/3085\/revisions"}],"predecessor-version":[{"id":3958,"href":"https:\/\/www.theisn.org\/frontiers22\/wp-json\/wp\/v2\/pages\/3085\/revisions\/3958"}],"up":[{"embeddable":true,"href":"https:\/\/www.theisn.org\/frontiers22\/wp-json\/wp\/v2\/pages\/2221"}],"wp:attachment":[{"href":"https:\/\/www.theisn.org\/frontiers22\/wp-json\/wp\/v2\/media?parent=3085"}],"curies":[{"name":"wp","href":"https:\/\/api.w.org\/{rel}","templated":true}]}}